 -68) - 0 - -3)?
127
Evaluate 3 + -40 + -28 + 31 - -23.
-11
0 + -49 - (588 + -567)
-70
Evaluate (6 + 1 - (-157 + 164)) + 5 + -33.
-28
What is the value of -1 + -9 - (-72 + 17)?
45
Evaluate 5 + (-20 - -18 - 17) + 11.
-3
104 - 103 - (-15 - -8 - (36 + 0))
44
226 - 210 - ((-3 - 0) + 5 - 59)
73
72 - (2 + 12 + -17 + 23 + -3 + -10)
65
What is the value of -3 + (2 - (17 + (-15 - -5)) - (58 + 11))?
-77
What is (0 - 0 - -4) + 274 + 47 + -318?
7
-7 + -7 + (-10 - 5 - -12) + 0
-17
Calculate 64 + (19 - 5) + -28 + -10.
40
Evaluate -7 + 44 + 25 + -38.
24
What is 630 - 600 - (-5 + 3)?
32
Evaluate 3 + -11 - (40 + -25 + (-13 - -21 - -4)).
-35
What is -13 + -1 + (-19 + (-5 - -9) - -4)?
-25
8 - (15 + (0 - 37) + -2)
32
What is the value of -26 - (19 - 42) - (-19 + (-2 - -2))?
16
Evaluate 4 + -15 + (-859 - -736) + (2 - -7).
-125
(1 - -10 - 11) + -15 - (-8 - -15)
-22
Evaluate (-39 - (-10 - -8 - 10)) + 20.
-7
Calculate (-195 - -216) + -46 + -2.
-27
Evaluate -4 - (-11 + -6 - -57).
-44
What is 23 + 2 + -30 + -23 + 101?
73
What is the value of -119 + 82 + -114 - -50?
-101
Evaluate 66 - (-25 + 53 + -24) - (1 + -10).
71
(3 - 0) + -138 + 121 + 50
36
What is 2 + 29 + 3362 + -3425?
-32
Evaluate 15 + (-47 - -18) - (-12 + 39).
-41
Evaluate -4 - 24 - (-29 - (-1 + -13)).
-13
Calculate (25 - (-2 + -7)) + 206 + -166.
74
-77 + -15 + -70 + 96
-66
What is the value of 2 + 0 + -40 - (39 + 23 + -73)?
-27
What is 32 + 37 + -48 + -14?
7
-5249 + 5235 + 3 + (18 - 3)
4
Evaluate 1 + -133 + (3132 - 3052).
-52
Evaluate 5 - 87 - (-919 - -860).
-23
2 + 7 + -24 + (125 - 1 - (103 - 109))
115
What is (3 - 8 - (-9 + 43 - -2)) + -2?
-43
Calculate -38 - (-52 - (11 - (94 - 41))).
-28
What is 6 - (42 + -9 + 0 - 21)?
-6
Evaluate 28 + 9 + -56 + -49 + 30.
-38
What is 25 + -88 + 17 + 29?
-17
Evaluate -12 + -56 + 98 + (-5 - 94).
-69
Calculate 1 - 73 - (147 + -166 + -1).
-52
(-1 - 2) + (-24 - (13 - 82)) + (-27 - -26)
41
What is the value of (-1 - (0 - -45)) + -21259 + 21264?
-41
What is the value of -15 + (3 - 0) - ((-26 - -51) + -102)?
65
Evaluate (-19 - -12 - -11) + -11 - -16 - (-7 + 5).
11
17 - (7 + (-47 - -48))
9
What is 28 + -40 - 5 - -18 - 28?
-27
What is 470 - 410 - (-3 + 18 - (2 - 1))?
46
Evaluate -14 - (-1 + 52 + (61 - 60 - 7)).
-59
Calculate -9 + 16 + (-3 - (36 - 14)) + 96.
78
-4527 + 4523 - (-2 + (-23 + -1 - 0))
22
What is (-405 - -178 - -222) + (39 - (-3 - -2))?
35
Evaluate (17 - 23) + 17 + (-63 - 66).
-118
What is the value of 19 + 14 + (-11 - -10) + -19?
13
3 + 14 - (135 + -162)
44
Evaluate -8 - (9 + -36 - -46).
-27
What is -63 + -1 - (821 + -841)?
-44
Evaluate (10 - (-16 + -3)) + (-20 - -16) + -9.
16
(65 - 27) + -55 + 53
36
18 - (-2 - 9 - 18) - (1 + 0)
46
What is the value of 7 - -87 - (-475 - -542)?
27
-91 + 91 + (-18 - 43)
-61
What is the value of -3590 + 3563 - (-4 + (2 - -57))?
-82
What is -29 + 54 + -14 - 48?
-37
What is the value of 5 + (7 - (48 + -43 + 8 + 2)) - 98?
-101
4 + (0 + 169 - (1277 - 1239))
135
Calculate (94 + -10 - 92) + (58 - 1).
49
What is (43 - (-21 - -19)) + 8 + -1 + -23?
29
What is -35 + -4 - (-1 + (6 - 2) - (-9 - -12))?
-39
-15 - (5 + -8) - (0 - 11 - -4 - 44)
39
Calculate -26 + (-8 - (-51 - 23)) + (2 - -5).
47
Evaluate (30 - (-49 + -14)) + -12.
81
Calculate -5 + -3 + 4 - (-45 + -22) - 12.
51
Evaluate 9 - (9 + 9 + -16 + -10).
17
15 - (2 - 2) - (4253 + -4219)
-19
Calculate 40 + (-57 + 44 - 1).
26
Evaluate -283 - -68 - -189 - (0 - 87).
61
55 - 0 - (-6 - (2 + 15 - 35 - -7))
50
Calculate (5 - 8) + (19 - 31 - -23) - 37.
-29
Calculate 4 + (-21 - (-55 - (-34 - -14))).
18
Calculate 116 - (-1 + 11 - (-36 - (7 - 43))).
106
(5 - (-6 + -9 + 43) - 55) + (1 - -4)
-73
(-11 + 21 - 8) + (-11 - (10 - 23))
4
Evaluate (35 + -102 - -28) + 86.
47
-32 - (46 + (-49 - -22))
-51
Calculate 22 - ((-41 + 17 - -5) + 35 + -21).
27
Evaluate -37 - -80 - (2 + 14).
27
Calculate 30 - (11 + -2 - (-119 - -140)) - (0 + -3).
45
What is 144 + (6 - 6) + (-31 - (16 - (5 + 30)))?
132
Calculate 49 - (1 - -8 - (53 + -53)).
40
Calculate 0 + -2 + -7 + (15 + -34 - -22) + -41.
-47
-2 + 11 + 0 - (-25 + -1 + 16)
19
Evaluate 15 + 0 + -17 + -42 + -49.
-93
Calculate (9 + -29 + 15 - (76 - 0)) + 4.
-77
What is (9 - -1 - -61) + 1 - (2 + 7)?
63
What is (-100 - -69) + (16 - (8 - -7))?
-30
What is the value of 181 + (28 + -172 - -60)?
97
12 + -7 + 93 + (1 - (4 - (-2 + 18)))
111
Evaluate (53 - -34) + -115 + 61.
33
What is the value of 8 - 11 - (46 + (15 - -1 - (159 + -146)))?
-52
What is the value of 0 - (53 - (-30 - -98))?
15
Calculate 282 - 113 - (-8 + (5 - 5) + 30).
147
Evaluate 32 - ((28 - (-20 + 44)) + 23).
5
Calculate -15 - (179 - (-72 + 198)).
-68
16 + 2 + -117 + (4 - -7)
-88
Evaluate -13 + -23 + 0 + -7 + (143 - 143).
-43
Calculate 52 + (-38 - (-41 + 48)).
7
What is the value of -12 - 1 - (-41 + -22 + 61)?
-11
What is the value of (-5 - 1 - ((24 - (-28 + 29)) + -28)) + 61?
60
-403 + 240 + 174 + -2 + (-2 - -2) + 39
48
What is the value of 20 + -56 + 32 - (-58 + -4 + 6)?
52
Calculate -5 + -17 + 6 + -12 + 44 - 32.
-16
Calculate 72 - 25 - (-2 - -10).
39
What is the value of 12 - 9 - (108 - (-8 - (-4 + -5 + -5)))?
-99
Calculate 15 + 39 + -15 - -2.
41
12 - 2 - 2 - ((-110 - 2) + 92)
28
67 + (-6 + 34 + -42 + 20 - -6)
79
Calculate -127 + (-4 - -1) - (-4722 - -4691).
-99
-158 + 324 + -105 + -98
-37
Evaluate -18 + (11 - 0 - -49 - -8).
50
What is the value of -9 - (40 + -62) - 41 - -33?
5
What is -2 + 52 + 282 + -335?
-3
Calculate 32 + -133 - (-20 - 135).
54
Calculate -114 + ((4 - (14 + -11)) + -17 + 17 - 1).
-114
What is the value of -28 + (-87 - 8 - -185)?
62
Calculate -8 + 17 + -1 - (-27 + 88).
-53
What is 24 + (-157 + 84 - -107)?
58
1 - -3 - (49 - ((-11 - -49) + -60))
-67
Calculate (-57 - -54) + (0 - 9) + (-37 + -25 - 3).
-77
What is 487 + -450 + (4 - (-8 - -3)) + -5?
41
Calculate -20 + 12 - ((5 - 8) + -12) - (21 + 12).
-26
Calculate 68 + (27 - 7) + (20 - (-8 + 2)).
114
Evaluate 6 - (3 - (-7 + -2 - -12) - 14).
20
Evaluate 2 + (0 - 6) - (5 + 18 + -55).
28
What is -66 - -30 - -34 - (-1 + (0 - -4))?
-5
What is 43 + (16 - 49) + 21 + -33?
-2
What is the value of -36 + (-3 - -35) + (55 - 0)?
51
Calculate 174 + (49 - 85) + -60.
78
18 + (-27 - (19 + -15 + -27))
14
What is -35 + (5 - 1 - (-70 - -59) - 4)?
-24
What is 88 - (-43 + -39 + 147)?
23
What is the value of 19 - -5 - -29 - -26 - 23?
56
10 - (9 + -10 + 19 + 0)
-8
15 - ((3 - (23 - 11)) + 8 + 19) - 34
-37
What is 20 + (-65 - (-6 + -7)) + 16?
-16
17 + -7 + (29 - 63) + -28
-52
Calculate -11 + -13 + 14 + 54 + -2 + 3.
45
Evaluate 5 - ((16 - (7 - 22)) + -16).
-10
Evaluate (2 - 2) + 6 + (-29 - -10 - 7).
-20
(9 - -5) + (17 - -2 - (171 + -100))
-38
Calculate 56 - (-2 + -10 - (-29 - (-2 + -17))).
58
Evaluate -35 + (118 - (54 - 5)).
34
What is the value of (-20 - -23) + 0 + (18 - -1)?
22
What is the value of -18 + 17 + (16 + -32 - (-11 - 1))?
-5
Evaluate -165 + 323 - (-18 - -64).
112
12 + (-36 - -13 - -9) + -4
-6
Evaluate (1066 - 1029) + (2 - 25).
14
What is the value of (414 - 359 - (-2 - (3 + -20))) + 12?
52
Evaluate -41 + (28 - (25 + (-1 - 10))) + -27.
-54
(-2 - 23 - (0 + -1)) + (-4503 - -4500)
-27
Evaluate -27 - (72 - (-86 - -141)).
-44
What is the value of -32 + ((11 - 19) + -101 - -36)?
-105
Calculate 10 + -12 + -4 + 19 + -76 + -5 + -3.
-71
Evaluate (7 + -5 - -4) + -16 - (-59 + 38).
11
Calculate (9 - 23) + 9 - 25 - (1 + (-1 - 3)).
-27
What is the value of -6 + -74 + 704 + -562?
62
Evaluate (-5 - 0) + (29 - 13) - -10.
21
18 + (15 - 26) - (16 + -52)
43
What is the value of (45 - 48) + (49 - 40)?
6
What is the value of -137 + 99 + 13 + -60?
-85
Evaluate -53 - ((-7 - 16 - -13) + 16 - 18).
-41
Evaluate 26 - 33 - -2 - (-1 - 46).
42
Calculate 94 + 3 - ((142 - 303) + 157).
101
Evaluate -13 + (5 - ((3 - 0) + -9)) - -42.
40
Evaluate -11 - (15 - (-31 - -17) - 17).
-23
What is the value of 4 - 11 - (17 + -30 - 13)?
19
What is the value of 81 + (10 + -25 - (-11 + 1) - (-34 - -26))?
84
(98 - (36 - -75)) + (-20 - 1)
-34
(1 - (17 - 3) - 2) + (132 - 95)
22
36 - (-59 - (56 + -31))
120
What is 0 + ((49 - 12) + -2 + -1 - 8)?
26
22 - 36 - ((-12 - -16) + -34)
16
-1 + 22 - (-41 + 0 + 95)
-33
What is the value of -21 - -5 - -2 - -30 - (-3 - (5 - -1))?
25
(-3 - -4) + -15 - (-46 - -67)
-35
Evaluate (-260 - -253) + -1 + -17 + (-2 - -11).
-16
What is the value of (5 - 2) + -11 + (-5 + 14 - (11 - 5))?
-5
What is the 